6, 0*r - 22 = -o*d - 2*r. Let v = -2 + d. List the prime factors of v.
3
Let j(d) = 17*d - 42. List the prime factors of j(16).
2, 5, 23
List the prime factors of (3 - 2/1) + 19.
2, 5
Suppose 5*k = -3*x + 119, -x - k - 217 = -6*x. What are the prime factors of x?
43
Suppose 4*h = n - 5, -10 = -3*h - n - 5. What are the prime factors of (h + -1)/(2/(-16))?
2
Let m(t) = t**3 - 5*t**2 - 2. Let i be m(5). List the prime factors of 6*(2/(-4) - i).
3
Suppose 5*h - 25 = -0. Suppose -5*x - 4*p + p + 38 = 0, h*x + 2*p = 42. Let b = x + -3. List the prime factors of b.
7
Suppose -2*t - 2 = -m - m, 0 = 2*m + 5*t + 12. Let h be m - (-2 - 1/1). Suppose 0 = h*w + z - 3 - 2, 5*z + 35 = 5*w. List the prime factors of w.
2
Suppose 3*g - 3*s - 9 = 0, -s = 4*g + s. Suppose 2*n + g = 11. What are the prime factors of n?
5
Suppose 2*g + 2 = 0, -3*o = -7*o - 4*g + 412. List the prime factors of o.
2, 13
List the prime factors of 0/10 + (-11)/(-1).
11
Suppose -2*l + 15 = 3*l. What are the prime factors of (-2)/l - 33/(-9)?
3
List the prime factors of (-111)/(-2)*(104/24 - 1).
5, 37
Let x = 984 - 645. What are the prime factors of x?
3, 113
What are the prime factors of 516/18 - 2/(-6)?
29
Suppose 3*l = -5*k + 20, 0*l - 3*k - 22 = -5*l. Suppose -l*i = o - 0*o - 42, -2*o + i = -51. What are the prime factors of o?
3
Suppose -2*z = -50 - 14. Suppose -3*n + 3*f = 153, -3*n - 86 = 4*f + z. Let p = n - -67. List the prime factors of p.
3, 7
Suppose -4*b - 12 = -4*q, 3*b - 2*q = -0*q - 6. Suppose b = 4*o + 2 - 114. List the prime factors of o.
2, 7
What are the prime factors of (6 + 26)*(9/3 - 1)?
2
Let s(l) = 21 + 0*l + l - 16 - 3*l. List the prime factors of s(-8).
3, 7
Let p = 8 - -18. What are the prime factors of p?
2, 13
Suppose 2009 = 7*w + 266. List the prime factors of w.
3, 83
Let r(w) = -3*w**2 + 2*w + w**3 + 6 + w - 1 - 1. Suppose -2*y + 4*y - 6 = 0. List the prime factors of r(y).
13
Let d(s) = s**2 + s + 2. Let c be d(-2). Let u = 7 - c. Let l(j) = j**2 + 2*j - 4. What are the prime factors of l(u)?
11
Suppose 0 = -3*p + 21 - 9. Suppose -5*y + 0*s - 3*s + 40 = 0, y + p = -3*s. Suppose 0 = 4*t + y - 63. What are the prime factors of t?
13
Suppose 3*w + 769 = -305. Let i = w - 182. What are the prime factors of i/(-25) + 2/5?
2, 11
Let b = 5 - 1. Suppose o + o - 2 = -2*y, 3*y = -b*o + 2. What are the prime factors of y?
2
Let t be 243/(-7) + (-4)/14. Let y = 78 + t. Suppose 5*d + 13 + 22 = 5*w, 4*w - d - y = 0. What are the prime factors of w?
2, 3
Suppose 3*a + 4*y - 81 = 0, -27 = 3*a - 4*a + 2*y. Suppose 3*r + 2 = -2*t + 1, -2*t + 5*r = 41. List the prime factors of t/20 - a/(-5).
5
Suppose 0 = -2*l + w + 67, -4*l + 3*w = -79 - 52. List the prime factors of l.
5, 7
Let h(m) = 2*m**3 - 6*m**2 + 2*m - 14. List the prime factors of h(5).
2, 3
List the prime factors of (127/4 + 4)*4.
11, 13
Suppose -3*w - w = -40. List the prime factors of 10/(w/(-4) - -3).
2, 5
Let h be -2 - -4 - -1*2. Let g be 1 - h - (1 - 8). What are the prime factors of (6/4)/(1/g)?
2, 3
Let c(u) = u**2 + 10*u - 6. Let s be c(-10). Let n(w) = -5*w - 6. What are the prime factors of n(s)?
2, 3
Let a = 75 + -41. What are the prime factors of a?
2, 17
Let j(g) = g - 5. Suppose -23 = -5*x + 27. List the prime factors of j(x).
5
Suppose -4*t - 6 = v - 68, -4 = t. List the prime factors of v.
2, 3, 13
Let d = -37 - -80. List the prime factors of d.
43
Suppose 8 - 32 = 2*p. Let x = 29 + p. What are the prime factors of x?
17
Let p(i) = 3*i**2 - 7*i - 9. List the prime factors of p(8).
127
Suppose 0 = -3*z + 38 + 52. Suppose 0 = -u + 5, -z = i - 6*i - 4*u. List the prime factors of i.
2
Let q = 7 - 5. Suppose 0 = -5*h - 10, 5*h + q = 4*r - 92. What are the prime factors of r?
3, 7
Suppose 0 = 3*n - n - 50. Let t = n + -11. Suppose -1 = -5*c + 3*w, -t = -4*c - 5*w + 3*w. What are the prime factors of c?
2
Suppose 3*x - 33 = 18. Suppose f = -c - 4*c + 103, -c + x = 2*f. What are the prime factors of c?
3, 7
Suppose 0 = 3*w - 4*t - 5 + 11, 4*w + 3*t - 17 = 0. What are the prime factors of (3 + (-52)/(-8))*w?
19
Suppose -5*a = -10*a - 60. Let j be (-21)/a - (-2)/8. Suppose -j*n + 4 + 8 = 0. What are the prime factors of n?
2, 3
Let c = 5 + -3. Let a(r) = -r**2 - 2 + 6*r + 1 + c*r. List the prime factors of a(6).
11
Suppose -24 = -2*m + y + 3*y, 21 = 3*m - y. Suppose 5*o - 7 = -2. What are the prime factors of (o*m)/3 - -8?
2, 5
Suppose 5*p = -21 + 71. What are the prime factors of p?
2, 5
Suppose 17*g - 3996 = 1308. List the prime factors of g.
2, 3, 13
Suppose 111 = -0*s + 3*s. List the prime factors of s.
37
Suppose v + 0*v = 31. Suppose 4*t = -t - 105. Let s = t + v. List the prime factors of s.
2, 5
Let p = -3 - -13. List the prime factors of p.
2, 5
Let k = 53 - -27. List the prime factors of k.
2, 5
Let u be 4/(-4) + (-12)/(-2). Suppose -u*i + 4 = -3*i. Suppose -m - 4*o + 9 = 0, -i = -0*o - 2*o. List the prime factors of m.
5
Let c(p) = -6*p**3 + p**2 + 2. Let j(m) = 7*m**3 - m**2 - 2. Let d(k) = -6*c(k) - 5*j(k). List the prime factors of d(2).
2
What are the prime factors of 41 + 1/(-2) + 5/(-10)?
2, 5
Let q = -56 - -78. Let w = -11 + 22. Let g = q - w. List the prime factors of g.
11
Suppose 2*s = -11 + 31. Let x(c) = c - 6. Let o be x(8). Let u = s - o. List the prime factors of u.
2
Let a(c) = 10*c + 4. Let z be a(-3). Let i = z - -38. List the prime factors of 29/3 - i/18.
3
Suppose -3*d = -2*p - 205 - 179, -p + 523 = 4*d. What are the prime factors of d?
2, 5, 13
Let o = -42 - -252. What are the prime factors of o?
2, 3, 5, 7
List the prime factors of 27/36 + ((-405)/4)/(-1).
2, 3, 17
Suppose 0*i - 5*i = -135. Suppose 57 = 4*v - i. What are the prime factors of v?
3, 7
Suppose -3*a + a = -i + 21, 27 = 3*i + 3*a. What are the prime factors of i?
13
Let g(v) = 2*v**2 + 3*v - 2. Let q be (-5 + 8)*(-4)/6. Let z = -2 + q. What are the prime factors of g(z)?
2, 3
Let k be (-4 - (-4)/8)*-2. Suppose 3*p - 5 - k = 0. What are the prime factors of p?
2
Let x = 0 + 2. List the prime factors of x.
2
Let w(r) = r**2 - 11*r - 19. List the prime factors of w(14).
23
Let s be 2/4 - (-3)/6. What are the prime factors of (0 + s)*(4 + 10)?
2, 7
Suppose -2*f + 125 = 4*n - 5, 5*n + 5*f - 150 = 0. What are the prime factors of n?
5, 7
Let s(n) = -n**3 - 6*n**2 - 8*n - 4. Suppose -2*h = -5*w + 35, -30 = 5*h - 5*w + 20. List the prime factors of s(h).
11
Let r(j) be the third derivative of j**4/24 - j**3/2 + 4*j**2. Let o be r(7). Suppose -20 = -o*p + 12. What are the prime factors of p?
2
Suppose 0 = -5*q + 21 + 4. Suppose 6 = q*w - 24. Let a = -4 + w. List the prime factors of a.
2
Let i = -10 - -8. Let l = i + 23. List the prime factors of l.
3, 7
Let b(n) = 2*n**2 - 4. What are the prime factors of b(-5)?
2, 23
Let c be (4 - 2 - 0)*2. Suppose r = c*r - 21. Let y = 10 - r. What are the prime factors of y?
3
Let f(d) = d**2 - 4*d - 5. What are the prime factors of f(10)?
5, 11
Suppose -4*a + 16 = -8. Let t = 3 - a. List the prime factors of (-6)/(-4)*(-6)/t.
3
Suppose 2*r + 5*j - 132 = -r, -36 = -r + j. Let g(i) = -15*i + 2. Let q be g(2). Let d = r + q. List the prime factors of d.
11
Let x be 1 - -1 - (1 - 2). What are the prime factors of (-1)/(-2)*32 - x?
13
What are the prime factors of 2/(2 + (-1944)/978)?
163
Let z(n) = -n**2 - 10*n - 9. Let k = 20 + -9. Let h = k - 18. What are the prime factors of z(h)?
2, 3
Let n(b) = b + 47. Let l be n(0). Let m = -33 + l. Let t = 32 - m. List the prime factors of t.
2, 3
What are the prime factors of 1 + 44 + 0 + -2?
43
Let l = 9 - -2. Suppose 0 = 2*g - 2 + 12, -3*g - 1 = 2*h. Let n = l - h. What are the prime factors of n?
2
Let j(i) = i + 1. Suppose -24 = -4*t + 2*t. Let n = t + -7. What are the prime factors of j(n)?
2, 3
Let j = -52 + -35. Let l = -60 - j. List the prime factors of l.
3
Suppose 4*c - 35 = -5*d, -3*d + 68 = -2*c + 25. Suppose -4*h - d = 9. Let o(y) = -y**3 - 4*y**2 + 2*y - 7. What are the prime factors of o(h)?
2
Suppose -2*c = 1 - 9. Let u(s) = -s**3 + 6*s**2 - 6*s + 1. List the prime factors of u(c).
3
Let f(a) = -a**2 + 6*a - 5. Let w be f(5). Suppose -3*r + r + 22 = w. List the prime factors of r.
11
Let w(d) = -d - 2. Let i be w(-7). Suppose i*h - 55 = -x, -5*x = 3*h - 59 + 4. List the prime factors of h.
2, 5
Suppose 2*u - 10 = u. What 